0. Let b = 9 + z. Suppose 67 = b*f + 3. What is the greatest common divisor of 144 and f?
16
Let q(f) = 4*f + f - 2*f + 2*f + 1. Let g be q(5). Let x = g + -13. Calculate the highest common divisor of 104 and x.
13
Let x = -33 - -39. What is the highest common divisor of x and 15?
3
Let h = 6 + 33. What is the highest common factor of 26 and h?
13
Suppose 290 = 3*h + 50. Calculate the greatest common divisor of h and 10.
10
Let z(t) = 2*t + 4. Let w be z(7). What is the greatest common divisor of w and 12?
6
Let u(r) = 2*r**2 - r + 7. Let k be u(-6). Calculate the greatest common divisor of k and 17.
17
Let l(w) = -w + 4. Let f be l(2). Suppose f*a - 66 = -a. Let m be (-48)/(-4 - 0) - 1. What is the greatest common factor of m and a?
11
Suppose -14 + 2 = -3*x. What is the greatest common divisor of 32 and x?
4
Let a(z) be the first derivative of 2 - 6*z + 3/2*z**2. Let q be a(5). What is the greatest common divisor of q and 81?
9
Let u be (-45)/(-15) + 1*37. Calculate the greatest common factor of u and 5.
5
Let l = -21 - -32. Let c be 132/3*18/8. Calculate the greatest common divisor of c and l.
11
Let t(r) = r**2 + 1. Let a be t(-2). Suppose -a*v + 6 + 5 = -2*z, -5*v + 5*z = -20. Let m be ((-2 - 3)*-1)/v. What is the highest common factor of m and 15?
5
Let n(x) = -x**3 - 8*x**2 - 8*x - 4. Let v be n(-8). What is the highest common divisor of v and 15?
15
Let p = -61 - -172. Let g(b) = -2*b**3 + 3*b**2 + 2*b + 3. Let l be g(-4). Let u = l - p. What is the highest common factor of u and 12?
12
Let d(f) = -f**3 + 3*f**2 + 6*f - 3. Let u be d(4). Suppose -18 = -u*l + 57. Calculate the highest common factor of l and 165.
15
Let w be 616/16*8*1. Calculate the greatest common divisor of 28 and w.
28
Suppose 5*p - 25 = 0, -5*v - 2*p - p + 15 = 0. Suppose 3*r = -0*r + 15. Suppose -r*b + v*b = -50. What is the greatest common factor of b and 20?
10
Let a be (-14 + 20)*4/3. What is the highest common divisor of 2 and a?
2
Let v be (1 + 1 - 4) + 47. Let s = 37 - 7. Calculate the greatest common factor of v and s.
15
Let p be 1/(-4) + 145/4. Suppose 98*k + 72 = 104*k. Calculate the highest common factor of k and p.
12
Suppose -6*c = -8 - 88. Calculate the highest common factor of 12 and c.
4
Let c be -5 - -1 - (-98 - -3). Calculate the greatest common divisor of 13 and c.
13
Suppose 39 = 2*w - 4*k - 41, -10 = -2*k. Let c be w + 0 + 1*-2. Let n = 53 - 21. Calculate the highest common factor of c and n.
16
Suppose -4*k - 2*u = -8 - 14, k - 2*u = 13. Let q = -42 + 43. Calculate the greatest common factor of q and k.
1
Suppose 18 = 3*j + 5*w, -w = -j + 2*j - 4. Let v be (3 - -3)*4/3. What is the highest common factor of j and v?
1
Suppose 0 = 4*s - 4, 198 = -2*z + 6*z + 2*s. Suppose 24 = a + 2*m, a = -m + 4*m + z. Calculate the greatest common divisor of a and 17.
17
Suppose -z + 19 = 8. What is the greatest common divisor of 44 and z?
11
Let a be 1 + (5 - 3) - 0. Suppose -v + 0*v = -2. What is the greatest common divisor of a and v?
1
Let v(q) = -105*q**3 + q + 1. Let d be v(-1). Calculate the greatest common divisor of 42 and d.
21
Suppose 3*i - 4 = 14. Let g be (-954)/(-27) - (-4)/i. Let m be (1 - -5)*(-3)/(-2). Calculate the highest common divisor of m and g.
9
Suppose 3*p - 46 = -2*n - 0*n, -3*p + 6 = 0. What is the greatest common divisor of n and 160?
20
Let d(m) = 11*m**3 - 3 + 3 + 60*m**3 - m + 2*m**2. Let n be d(1). What is the greatest common divisor of 18 and n?
18
Let g(a) = 6*a**2 - 1. Let l = -7 - -3. Let v = -3 - l. Let j be g(v). What is the greatest common factor of j and 20?
5
Let s = 13 - 13. Suppose 75 = 5*w - s*w. Calculate the greatest common factor of w and 3.
3
Suppose 0 = -14*d + 13*d + 8. Calculate the greatest common factor of 16 and d.
8
Let c be (1 + 2)*7/3. Let o be 39/c - 8/14. Calculate the highest common divisor of 35 and o.
5
Let m(f) = -f**2 + 12*f - 10. Let q be m(8). Calculate the highest common divisor of 22 and q.
22
Let l(p) = -7*p - 1. Suppose -4*i = 9 + 15. Let r(u) = u**2 + 5*u - 7. Let k be r(i). Let g be l(k). Calculate the greatest common divisor of 2 and g.
2
Let k(n) = 25*n. Let l be k(3). Suppose 20 = 5*s - 9*s. Let a(u) = -u**2 - 10*u + 5. Let q be a(s). Calculate the greatest common divisor of q and l.
15
Let j = 60 - 50. Calculate the highest common divisor of j and 4.
2
Let r be (9/(-2))/(-3)*6. Calculate the highest common divisor of 6 and r.
3
Suppose 2*j = -4*d + 94, -j + 2*d = -4*j + 121. Calculate the highest common divisor of j and 37.
37
Suppose 0 = -12*o + 17*o - 240. What is the highest common factor of 36 and o?
12
Suppose -k + 93 = 3*z - 71, -5*z + 4*k = -262. Let m = 9 - 3. What is the greatest common divisor of m and z?
6
Let r be (-2)/(((-20)/25)/4). Calculate the greatest common divisor of r and 70.
10
Suppose 3*i = -3, -h - 5*i + 4 = 2*h. Let t be -9*8/(-12)*h. What is the greatest common factor of t and 45?
9
Suppose -2*w + 27 = -149. Suppose -3*h - 38 = -4*y, 2*y + 4*h - 3 - 5 = 0. Calculate the greatest common factor of y and w.
8
Suppose 25 - 193 = -12*t. Calculate the highest common factor of 63 and t.
7
Let j(n) = -n + 28. Let i be j(12). Suppose -11*l = -i*l + 420. What is the greatest common factor of l and 21?
21
Suppose -4*l - l + 15 = 0. Suppose 0 = 2*m - 4*j - 10, -3*m + 7 = -j + l*j. Suppose 0*g = -m*g + 54. Calculate the greatest common divisor of 6 and g.
6
Let p(k) = -k**3 + 7*k**2 + 5*k + 2. Let w = -2 - -7. Let g be p(w). What is the greatest common factor of 11 and g?
11
Let r = 2 + -2. Suppose -5*f = 4*o + 25, -3*o + 4*f + 12 + 8 = r. Suppose 5*l - 124 - 16 = o. What is the highest common factor of l and 4?
4
Let g be 6/((-19)/(-16) + -1). Let c(x) = 3*x - 1. Let n be c(3). Calculate the highest common divisor of n and g.
8
Let h be 1/3*(-6)/(-1). Let l(j) = 4 - 1 - j - h. Let i be l(-3). Calculate the greatest common divisor of 40 and i.
4
Let c be (-3)/(1 - 1 - 1) + 30. Calculate the greatest common factor of 99 and c.
33
Suppose 4 = 6*c - 7*c. Let l be (1 - -1)/(2/53). Let m = c + l. What is the greatest common factor of m and 7?
7
Let w = -1 - 0. Let f be (4/(-1))/(-2) + w. Suppose -5*q - j + 35 = 0, q = 4*j + 8 - f. Calculate the highest common divisor of q and 7.
7
Let y be (-6)/(-21) + (-229)/(-7). Let c = -12 + y. What is the highest common divisor of c and 14?
7
Let p(d) = -d**3 + 6*d**2 - 6*d + 3. Let y be p(4). What is the greatest common divisor of y and 11?
11
Let u = 15 - 9. Suppose 0 = -3*j + u + 258. Calculate the highest common factor of j and 22.
22
Let a = -225 + 228. Calculate the highest common factor of 57 and a.
3
Suppose p + 4*a - 11 = 2*a, 4*p = -2*a + 62. What is the greatest common divisor of p and 34?
17
Let g(w) = -w + 7. Let u be g(3). Suppose u = k, -37 = -5*a - 2*k + 21. Calculate the highest common divisor of a and 30.
10
Suppose -352 = -9*a - 100. What is the greatest common divisor of 28 and a?
28
Let y(v) = 2*v - 6 - 4*v + 3*v. Let p be y(8). Suppose p*k - 3*m = -m, -4*k + 6 = 2*m. What is the greatest common factor of k and 2?
1
Let d(l) = 41*l**2 + l - 1. Let y be d(1). Let r be (-8)/12 + y/3. Let t = 133 + -42. Calculate the greatest common divisor of t and r.
13
Suppose -5*r = 5*w + 38 - 183, 3*w - 3 = 0. Calculate the greatest common divisor of 28 and r.
28
Suppose 0 = -5*u + u. Let b be 1 + u - (-1 - 3). Suppose 0*x = 2*x + 3*d - 29, -b*d = -15. What is the greatest common factor of x and 100?
10
Suppose 0 = -2*k - 3*y + 35, 4*k - 60 = k - 2*y. Let g be (-1)/(2/(-220)*2). Calculate the highest common divisor of g and k.
11
Suppose -3*z + 4*d = -5*z + 16, -5*z + 5*d + 70 = 0. Let i(c) = c**2 - 9. Let a be i(z). What is the greatest common factor of a and 15?
15
Suppose -6 = -2*k - 3*d - 2*d, 0 = 5*d. Suppose 70 = 5*x - k*c - 2*c, -x - 11 = 4*c. What is the greatest common divisor of x and 27?
9
Suppose -z - 3*q + 7 + 11 = 0, -3*z + 2*q + 65 = 0. What is the greatest common divisor of z and 42?
21
Let d(b) = b**2 + b. Let n be d(-2). Suppose -n*v = -0*v + 36. Let z = v + 26. What is the greatest common divisor of 72 and z?
8
Suppose -12 = 5*a + 4*l - 249, 120 = 3*a - 5*l. Calculate the greatest common factor of a and 5.
5
Suppose -28 = -u + 22. Let t(z) = -11 + 2*z + 11. Let o be t(5). What is the greatest common factor of u